 5*g + o + 134 - 931 = 0. What is the highest common divisor of g and 96?
32
Let p(f) = 4*f**3 - 8*f + 14. Let b be p(4). Calculate the highest common factor of b and 14.
14
Suppose -72 = -9*w + 15*w. Let c be 2 - 2 - (-1 - -3). Let m be c/(-4) + (-186)/w. Calculate the highest common factor of 128 and m.
16
Let s be 175*(-1 + 26/14). Suppose -2*b + 200 = -s. Let h be b/14 - 2/4. What is the highest common factor of h and 12?
12
Suppose 0 = 4*l - 4*c - 20, c = 3*l + 6*c + 9. Let t be (-8)/(-2) - l/(-1). Calculate the greatest common divisor of 54 and t.
6
Suppose -16*q - 16 = -18*q. Suppose i + 0*b - 2*b = q, -i - 4*b = 10. Calculate the greatest common divisor of 22 and i.
2
Suppose -5*h = -76 - 174. Let y be (0 - -25)*(-40)/h. Let d be (54/30)/((-2)/y). What is the greatest common divisor of 12 and d?
6
Suppose -y + 5*q + 19 = y, -y - 3*q = -4. Calculate the highest common divisor of 133 and y.
7
Suppose z - 3*z = 3*g - 64, -2*g - z + 42 = 0. Let y = g - 11. Let r be (4 - 22)*((-75)/6 + 10). What is the greatest common divisor of y and r?
9
Suppose 4*w = 11*f - 6*f + 91, -127 = -7*w - 2*f. Calculate the highest common divisor of 19 and w.
19
Let o(n) = -2*n + 64. Suppose -1 = -m - t - 4*t, -m - 3*t + 11 = 0. Let s be o(m). Let d = -73 + 133. What is the greatest common divisor of s and d?
12
Let o(i) = 2*i**3 - i + 1. Let u be o(1). Let l be u - (2 + (-16)/4). Calculate the greatest common factor of l and 6.
2
Suppose 2*i - 24 = -3*u, -3*u = 4*i + 2*u - 44. Let f be -3 + 2*(45/6 + -2). Suppose -b - i + 19 = m, f = -2*m. What is the greatest common divisor of b and 17?
17
Let m be 14/(-7 - 0) - -82. Calculate the greatest common divisor of 360 and m.
40
Let x be (78/(-18) + 3)/(2/(-3)). Calculate the highest common factor of 7 and x.
1
Suppose 399 = 33*k - 14*k. Calculate the greatest common factor of k and 105.
21
Let z be (-2)/(-8) + (-334)/(-8). Let w be (-10)/(-12) + 7/z. Suppose 0 = 2*i + 2*n - 78, -3*n + 2*n = w. Calculate the highest common divisor of i and 100.
20
Let n be (-471)/(-7) - (96/(-42))/(-8). Calculate the greatest common factor of n and 67.
67
Suppose 0*j + 70 = 10*j. Let s = 210 + -35. What is the greatest common factor of j and s?
7
Suppose 32 = 2*x - 2*d, -x - d + 25 = -1. Let r be (-25)/(-4) - (-5)/(-20). Suppose -6 = -4*s + r. What is the highest common factor of x and s?
3
Suppose -3*k - 1 + 16 = 3*y, -2*y = 4*k - 18. Suppose y + 3 = i - t, 2*i + t - 20 = 0. Calculate the highest common divisor of 64 and i.
8
Let z(j) = -7*j**2 + 8*j - 1. Let w(k) = 2*k**2. Let u(h) = -3*w(h) - z(h). Let n be u(-2). What is the greatest common factor of 3 and n?
3
Let g = 71 - 63. Let m(f) = f**2 + f + 8. Let c be m(g). What is the greatest common factor of 10 and c?
10
Let k(v) = -4*v**2 + v + 2. Let r be k(-4). Let u be 2/(-4)*(r - 6). What is the greatest common divisor of 12 and u?
12
Suppose -22 = -4*p + 18. Suppose 363 = -0*v + 3*v - 5*i, 2*v = i + 242. Suppose 6*c - 29 - v = 0. What is the greatest common factor of c and p?
5
Suppose 5*l + 31 = 351. Suppose -6*q + l = -2*q. What is the greatest common divisor of 176 and q?
16
Let v = -27 + 54. Let j = 48 - 24. Suppose -v*l + 27 = -j*l. What is the highest common divisor of 3 and l?
3
Let a be ((-132)/(-11))/(-1 - -3). Suppose -a*y + 120 = -4*y. What is the greatest common divisor of y and 15?
15
Let m(v) = v**3 - 13*v**2 + 5*v - 51. Let a be m(13). Calculate the highest common divisor of 378 and a.
14
Suppose 5*r - 76 = -5*y + 4*r, 3*y - 64 = 4*r. What is the highest common divisor of y and 128?
16
Suppose n = 3 + 5. Let y(g) = 3*g**3 + 30*g**2 + 51*g + 4. Let x be y(-4). Calculate the highest common divisor of x and n.
8
Let r = 14 - -17. Let o = 46 - 24. Let a = r - o. Calculate the greatest common divisor of 63 and a.
9
Suppose -3*l = -4*w + 44, 0 = l + 4. Suppose -3*v = 4*k - 198, 0 = -0*k + 3*k. Let d = 122 - v. What is the highest common factor of w and d?
8
Let h be ((-8)/24 + -8)*6/(-2). Let b = h + 13. What is the greatest common divisor of 2 and b?
2
Suppose 3*u = -4*s - 77, -u + 35 = -3*s - 13. Let h(j) = 2*j**2 + 24*j + 28. Let r be h(s). What is the highest common factor of r and 132?
66
Let y be (6 + (-1100)/(-8))/((-4)/(-8)). What is the highest common divisor of y and 7?
7
Suppose 26*c - 25*c + 100 = 0. Let w = c - -178. Calculate the highest common divisor of w and 6.
6
Let t be 23/(0 + 1) - (-387)/(-129). Calculate the greatest common divisor of 230 and t.
10
Suppose 0 = 5*s - 10, 2*s - 17 = -5*u + 6*s. Suppose -u = -2*a + 11. Let o be (((-144)/(-45))/2)/(2/25). Calculate the greatest common factor of o and a.
4
Let s = -17 + 20. Let p be 35/s - (32/(-6) - -5). Calculate the highest common factor of 84 and p.
12
Let h = 370 + -183. Calculate the greatest common factor of h and 85.
17
Suppose -1036*u = -1031*u - 1445. Calculate the greatest common factor of 17 and u.
17
Suppose -24*j + 11338 = -3062. What is the highest common factor of 25 and j?
25
Let z = 187 - 124. Let a = z + 2. Let v be 6/(-10) + 689/a. Calculate the greatest common divisor of v and 25.
5
Let t(f) = 24*f - 3. Suppose 10 = 4*m + 2*q, -q + 3*q = -3*m + 8. Let g be t(m). Suppose -7*j + 4*j = -45. What is the highest common factor of j and g?
15
Let z = -1282 - -1386. Calculate the greatest common divisor of 442 and z.
26
Suppose 2*m - 10 = p + m, 8 = -2*p - m. Let z be 9/(-6)*124/p. What is the highest common factor of 248 and z?
31
Let d(j) = j**2 - j. Let t be d(-3). Let c = -12 + t. Suppose w = 3*z + 147, 5*w + 0*z + 2*z - 667 = c. What is the highest common factor of w and 15?
15
Suppose 2883 = -23*d + 10220. What is the greatest common factor of 87 and d?
29
Let f = -48 + 45. Let r be (f + 2 - (-4)/2)*198. What is the greatest common divisor of 18 and r?
18
Let t = -32 + 41. Let c(a) = a**2 - 21*a + 18. Let g be c(21). Calculate the highest common divisor of g and t.
9
Suppose 10*f = 127 + 83. Calculate the greatest common factor of f and 903.
21
Suppose -4946 = -4*j + 2*f, 0 = -3*j - 3*f + 3885 - 189. Calculate the greatest common divisor of j and 13.
13
Let t be (16/6*33)/2. What is the highest common divisor of t and 286?
22
Suppose r - k - 13 = k, 0 = 5*r + 3*k - 26. Suppose -4*m - 6 = g + 7, -2*g - 1 = 3*m. Suppose 15*d = 14*d + g. What is the greatest common divisor of r and d?
7
Suppose 6 + 0 = -3*s, -2*s - 229 = -5*j. Suppose j = -5*l + 2*y, l + 1 + 26 = 4*y. Let a = l - -15. Calculate the greatest common factor of a and 12.
4
Let v = -185 + 353. Let z(b) = 4*b**2. Let m be z(-1). Suppose 37 = m*t - 47. Calculate the greatest common divisor of t and v.
21
Let h be (-1)/2 + 186/(-12). Let g be (-2 - 3)/(1/(-6)). Let p = h + g. What is the greatest common divisor of 112 and p?
14
Let b = -130 + 244. What is the greatest common factor of b and 304?
38
Suppose -u + 0 = -12. Let x be 0 - -1 - 78/(-2). Suppose 5 = w, -s + 2*w + x = -2*w. Calculate the greatest common divisor of u and s.
12
Let y be (-2)/(-3) + (-12)/(-9). Let d = y + 2. Suppose 205 = 26*z - 55. What is the highest common factor of d and z?
2
Let p(x) = -7*x - 4. Let f be p(-5). Suppose 201 - f = b. Suppose -4*w - 58 = -b. What is the highest common factor of w and 14?
14
Suppose -2*s - 5 = 3*s + 5*d, -2*s + d + 7 = 0. Let n be 3 + (s - 2) + 8. Let i = 158 + -92. Calculate the highest common divisor of i and n.
11
Let n(o) = o**2 + 9*o + 2. Let z = -16 + 5. Let q be n(z). Let a(y) = y**3 - y**2 + 60. Let b be a(0). Calculate the highest common factor of b and q.
12
Let o(m) = 27*m - 14. Let s be o(7). Suppose 0 = -0*v - 2*v. Suppose -g = 4*n - 102, 2*n - n + g - 27 = v. What is the greatest common factor of s and n?
25
Let r(j) = -25*j**2 + 15*j + 19*j**2 - 6 + 5*j**2. Let c be r(14). Calculate the greatest common divisor of 8 and c.
8
Suppose -3*n + 4*x + 102 = 3*x, 78 = 2*n - 4*x. Suppose 7*g - 3 = 6*g + 2*w, 5*w - 12 = -4*g. Calculate the greatest common factor of n and g.
3
Suppose 16*k - 2087 = 1593. Calculate the greatest common factor of 184 and k.
46
Let j(u) = -u**2 - 8*u + 3. Let v be j(-8). Suppose -v*x = 5 - 14. Let r be (-24)/4 + x + 15. What is the highest common divisor of 36 and r?
12
Suppose -2*g = 4*p - 852, -5*p + 1288 = 5*g - 822. What is the highest common divisor of 22 and g?
22
Suppose 0 = -